 -4*z, -4*p - 4 = -z - 25. What is the units digit of p?
4
Let f(r) = r**3 + 7*r**2 + 8*r + 5. Let w be f(-5). What is the units digit of 73/w - (-2)/15?
5
Let i(b) be the first derivative of -b**4/4 + 4*b**3 - 6*b**2 + 12*b + 3. What is the units digit of i(11)?
1
Let w(m) = -5*m + 3. Let z(u) = u + 1. Let j(i) = w(i) + 4*z(i). Let x = -15 + 20. What is the units digit of j(x)?
2
Let z = 193 - 155. What is the units digit of z?
8
Let c = 20 - 12. Suppose -c = k - 2*k. What is the units digit of k?
8
Let t be -6*(0 - -2) + -2. Let u = t - -24. What is the units digit of u?
0
Let n = -6 - -24. Let y be ((-22)/2)/(-3 - -2). Let m = n - y. What is the units digit of m?
7
Let z(o) = o**3 - 5*o**2 + 2*o - 1. Let k be z(5). Suppose -3*f + 5 + 28 = 0. Suppose 5*a - k - f = 0. What is the units digit of a?
4
Let q be 2/11 - 26/22. What is the tens digit of 35 - (0/3)/q?
3
Let a be ((-2)/(-7))/((-10)/(-70)). Suppose 0 = -a*k + 59 + 11. What is the tens digit of k?
3
Suppose -197 = -8*n + 67. What is the units digit of n?
3
Suppose 7*j = 378 - 63. What is the units digit of j?
5
Suppose -5*p + 50 = -0*p. What is the units digit of p?
0
Suppose i + 1 + 3 = 0. Let h(v) = 2*v**2 + 6*v + 3. What is the units digit of h(i)?
1
Let y = 4 - 2. Let p = y + 0. Suppose 2*v + 2*v + 38 = p*d, 3*d + 3*v - 12 = 0. What is the units digit of d?
9
Let u(g) = -5*g**3 + 3*g**2 - 2*g + 1. Let a be u(2). Let z = a + 21. Let i = 17 + z. What is the units digit of i?
7
Let u(o) = 53 - 4*o + 3*o + 0*o + 0*o. Let x be u(0). Let r = -35 + x. What is the units digit of r?
8
Suppose y - 63 = -u - 4*u, 0 = 4*y + 2*u - 216. What is the tens digit of y?
5
Let z be (1 - 5)/(-3 + 2). Suppose -a = 2*l - 39, z*a - 17 - 59 = -4*l. What is the tens digit of l?
2
Let v = 48 + -22. What is the tens digit of v?
2
Suppose -r + 6*r = -o + 4, 3*r - 33 = -4*o. Suppose o = q - 4. What is the tens digit of q?
1
Suppose -2*s + s - 80 = -5*h, 2*h - 55 = 5*s. Suppose 1 = 4*j - h. What is the units digit of j?
4
Let a be 3*(-6)/9 - 4. Let u = 2 + -1. What is the units digit of ((-10)/a)/(u/6)?
0
Let h = 8 + -1. Suppose 2*q - 3*q = 0. Suppose 0 = -q*g - g + h. What is the units digit of g?
7
Let w(o) = 4*o - o**2 - 3*o + 0*o**3 - o**3. Let g be w(1). What is the tens digit of g/(-1 - (-15)/16)?
1
Let f = 1 + 28. What is the units digit of f?
9
What is the hundreds digit of 2 - -2 - -34*(6 + 3)?
3
Suppose 0 = 2*z - p + 46, 0*p + 50 = -2*z + 2*p. Let k = z + 104. Suppose 0 = 4*y + 23 - k. What is the tens digit of y?
1
Let v(d) = -4*d**2 + 3*d - 2. Let i be v(2). Let m = 0 + 1. Let t = m - i. What is the tens digit of t?
1
Let l = 0 + 0. Suppose 4*u + 8 = 4*p, -2 = -p - l. What is the units digit of u + 1 + 4/1?
5
Let h(b) = b**2 + 2*b - 3. Let c be h(2). Let z = c - 3. Suppose -a + n = -8, 4*a + 3*n + 4 = -z*n. What is the units digit of a?
4
Let l(j) = -j**3 - 4*j**2 - j - 2. Let b be l(-4). What is the units digit of b/(-6) + (-13)/(-3)?
4
Suppose 14 = 2*z - j + 4, -2*j = -5*z + 24. Suppose 5*h + 3*l - 34 = 0, -z*h + 3*l + 5 = -2*l. What is the units digit of h?
5
Let s(r) = r**3 + r**2 + r - 17. Let y(g) = -2*g**3 - 2*g**2 - 3*g + 35. Let k(p) = -5*s(p) - 2*y(p). What is the units digit of k(0)?
5
What is the units digit of (-1 + -3)*(-1 + (-21)/2)?
6
What is the units digit of ((-8)/(-8))/((-1)/(-19))?
9
Suppose 4*q + 0*j = 2*j + 702, q + 3*j = 193. What is the hundreds digit of q?
1
Let o(m) = 2 + 0 - 6 - 3*m + 7*m. What is the units digit of o(3)?
8
Let v be 1/((-3)/(-12*2)). Let x(d) = 3 - d**2 + 0*d**2 - v*d - 10. What is the units digit of x(-6)?
5
Suppose q + 3*q + 88 = 0. What is the units digit of 1246/77 + 4/q?
6
Let v(l) = -3*l + 13 + 17 + 5*l. What is the tens digit of v(0)?
3
Suppose 3*y - 5 = -5*r, 0 = 3*y + 3*r - 1 - 2. What is the units digit of -3 + 7 + y + -3?
1
Let w = -7 + 15. What is the units digit of 1 + w + (-2 - -1)?
8
What is the units digit of (-1)/((-30)/14 + 2)?
7
Suppose -2*d = -3*d + 2. Let k be (-4)/(-1 - 0)*d. Suppose -4*u + 3*j + 18 = -20, -4*j + k = 2*u. What is the units digit of u?
8
Suppose -7*n + 226 = -5*n. What is the units digit of n?
3
Let m(u) = 2*u**2 - 2*u + 2. Let w be -8*(3 - (-5)/(-2)). Let o be m(w). Suppose -2*n + 5*n = o. What is the units digit of n?
4
Suppose 3*r - 3*y - 2*y = -31, 5*r = -5*y - 65. Let c = 17 + r. What is the units digit of c?
5
Let a(y) = y**2 + 9*y - 17. What is the tens digit of a(-16)?
9
Suppose -j + 5 = -3. Let l = -1 + j. What is the units digit of l?
7
Let t(b) = -b**2 + 6. Let s be t(9). Let h(z) = z**3 - 7*z**2 - z + 5. Let y be h(7). What is the units digit of (-1)/y + s/(-10)?
8
Let o(d) = 4*d - 9*d**2 + 11*d**2 + 0 + 1 - 3. What is the tens digit of o(3)?
2
Suppose -c = -2*c + 10. What is the units digit of c?
0
Let t(v) = v**2 + 4*v - 7. Let g be t(-6). Suppose 0 = g*q - 7 + 2. Let l = 6 - q. What is the units digit of l?
5
Suppose 4*c - 28 = -2*k, 0 = -3*k - 3*c + 7*c + 2. What is the units digit of 3/k*(57 - 3)?
7
Let a = 24 + 47. Suppose -3*u - a = -2*s, -4*s = s - 3*u - 173. What is the tens digit of s?
3
Let q be (3/6)/(2/(-152)). Let j = -9 - q. What is the tens digit of j?
2
What is the tens digit of 3771/11 - 4/(-22)?
4
Suppose -6*t = -t + 10, 5*a - 148 = -t. What is the units digit of a?
0
Let x(j) = -81*j - 14. What is the units digit of x(-5)?
1
Suppose 5*o - 2*f = 153, -3*f + 75 = -0*o + 3*o. What is the tens digit of o?
2
Let i = 129 + 9. What is the hundreds digit of i?
1
Let k = 10 + -15. Let f(u) = 6*u**2 - 2*u**2 - 3*u**2 + 3*u + 1 + 0*u**2. What is the tens digit of f(k)?
1
What is the units digit of 11*(4*-4)/(-4)?
4
Let t(s) = 53*s**2 - 4*s + 5. What is the tens digit of t(2)?
0
Suppose -4*d = t - 13, 11 = 4*t + 4*d - 77. Let j = -13 + t. What is the units digit of j?
2
Let d be 3 + ((-6)/(-3) - 0). Let v = d - 5. Suppose -5*o = 5*a - 30, 3*o + v*a = -2*a + 16. What is the units digit of o?
4
Let g(w) = -9*w**3 + w**2 + 2*w + 1. Let s(h) = -h - 2. Let z be s(-1). What is the units digit of g(z)?
9
Let h be ((-22)/4 - -1)*-6. Let u = h - 21. What is the units digit of u?
6
Let v(p) = p**2 + 61. Let s be v(0). Let q = s + -36. What is the units digit of q?
5
Suppose -3*p = 6, j - p - p = 6. What is the units digit of j?
2
Let w = -59 + 240. What is the tens digit of w?
8
Suppose 0 = r - 7 - 8. Suppose -r = -4*t - 3. What is the units digit of t?
3
What is the units digit of (3/2)/((216/(-1408))/(-9))?
8
Suppose -5*k + 0*m = -3*m - 14, 5*k + 3*m + 4 = 0. What is the tens digit of 8 - -1 - (k - 2)?
1
Suppose -l - 173 = -5*m, -4*l - 4*m - 596 = -0*l. What is the units digit of l/(-12) - 2/(-8)?
3
Let n(t) = t**3 - 6*t**2 + 7*t - 6. Suppose 0 - 5 = -x. Let r be n(x). Suppose -r = j - 2*j. What is the units digit of j?
4
Let i(s) = -2*s**2 - 36*s - 9. What is the tens digit of i(-17)?
2
Let u(n) = 49*n**3 - n**2 - n + 1. Let b(p) = -p**2 + 10*p + 1. Let w be b(10). Let v be u(w). Suppose l + v = 5*l. What is the units digit of l?
2
Suppose 5*f - 42 = 3*f. Suppose 0*p - 16 = p - 3*w, 0 = -4*p - 5*w + f. What is the units digit of (p/2)/(1/(-30))?
5
Suppose x + 5*h - 77 = 0, -3*h + 8*h + 183 = 4*x. Suppose -3*s + 44 + x = 0. What is the tens digit of s?
3
Let k = -11 + 11. Let c = 2 + 2. Suppose -c*x = -k*x - 8. What is the units digit of x?
2
Let x(c) = -c**3 - 6*c**2 - 2*c + 5. Let y be x(-4). Let v = y + 42. What is the tens digit of v?
2
Suppose 0*i = -4*i. Suppose -2*l + 7*l - 80 = i. What is the tens digit of l?
1
Let c be -4 + 8 - (-2 - -5). Suppose -x - 2*n + 7*n = c, 9 = x + 5*n. What is the units digit of x?
4
Let c = -25 + 32. What is the units digit of c?
7
Let j(v) = 2*v - 13. Let h(u) = 2*u - 6. Suppose 0 = -3*o, 0 = -4*a + 5*o + 14 + 18. Let f be h(a). What is the units digit of j(f)?
7
Suppose -4*m = c - 270, -164 = -3*m - 5*c + 30. What is the units digit of m?
8
Let r be -2 - (-1 + (-18)/3). Suppose -k - 24 = -r*k. Suppose k*b = b + 35. What is the units digit of b?
7
Let w(m) = -128*m**3 + m**2 + m + 1. What is the tens digit of w(-1)?
2
Let g = 105 - 40. Suppose 0 - g = -5*v. Suppose 0 = 3*k - 2*l + l - v, -3*k = 5*l - 7. What is the units digit of k?
4
Suppose -236 = 4*v - 2*p, -v + 3*v = -5*p - 130. What is the units digit of (v/(-75))/((-2)/(-55))?
2
Let s(k) be the first derivati